{"id":22,"date":"2024-01-09T00:28:27","date_gmt":"2024-01-08T23:28:27","guid":{"rendered":"https:\/\/creche-conseil.pro\/?page_id=22"},"modified":"2024-07-04T12:14:49","modified_gmt":"2024-07-04T10:14:49","slug":"nos-prestations","status":"publish","type":"page","link":"https:\/\/creche-conseil.pro\/index.php\/nos-prestations\/","title":{"rendered":"Mes prestations"},"content":{"rendered":"\n<p style=\"font-size:20px\">J&rsquo;interviens sur Paris et en Ile-de-France<br><br><strong>Pour les micro-cr\u00e8ches :<\/strong><\/p>\n\n\n\n<div class=\"wp-block-group\"><div class=\"wp-block-group__inner-container is-layout-constrained wp-block-group-is-layout-constrained\"><div class=\"wp-block-image\">\n<figure class=\"alignleft size-full is-resized\"><img decoding=\"async\" width=\"150\" height=\"150\" src=\"https:\/\/creche-conseil.pro\/wp-content\/uploads\/2024\/06\/image.png\" alt=\"L\u2019attribut alt de cette image est vide, son nom de fichier est Design-sans-titre-5-150x150.png.\" class=\"wp-image-153\" style=\"object-fit:cover;width:192px;height:auto\"\/><\/figure>\n<\/div><\/div><\/div>\n\n\n\n<p><br><br>Forfait 10 heures annuelles obligatoires d&rsquo;Accompagnement du r\u00e9f\u00e9rent technique <br>EJE lib\u00e9rale&nbsp;<br>(en l&rsquo;absence d&rsquo;un DE en direction : Art. R. 2324-46-5.-I)<\/p>\n\n\n\n<p><\/p>\n\n\n\n<p class=\"has-medium-font-size\"><br><br><br><strong>Pour toutes les structures :<\/strong><\/p>\n\n\n<div class=\"wp-block-image\">\n<figure class=\"alignleft size-full is-resized\"><img fetchpriority=\"high\" decoding=\"async\" width=\"500\" height=\"500\" src=\"http:\/\/creche-conseil.pro\/wp-content\/uploads\/2024\/04\/Design-sans-titre-6.png\" alt=\"\" class=\"wp-image-133\" style=\"width:192px;height:auto\" srcset=\"https:\/\/creche-conseil.pro\/wp-content\/uploads\/2024\/04\/Design-sans-titre-6.png 500w, https:\/\/creche-conseil.pro\/wp-content\/uploads\/2024\/04\/Design-sans-titre-6-300x300.png 300w, https:\/\/creche-conseil.pro\/wp-content\/uploads\/2024\/04\/Design-sans-titre-6-150x150.png 150w\" sizes=\"(max-width: 500px) 100vw, 500px\" \/><\/figure>\n<\/div>\n\n\n<ul class=\"wp-block-list\">\n<li>Analyse des pratiques professionnelles <br>(obligation de 6 heures par an par professionnel-le)<\/li>\n\n\n\n<li>Observations (enfants, fonctionnement&#8230;)<\/li>\n\n\n\n<li>R\u00e9unions \u00e0 th\u00e8me<\/li>\n\n\n\n<li>Journ\u00e9es p\u00e9dagogiques<\/li>\n\n\n\n<li>Accompagnement de projet (ateliers, am\u00e9nagement d&rsquo;espace, animations&#8230;)<\/li>\n\n\n\n<li>Cr\u00e9ation et animation d&rsquo;ateliers \u00e0 th\u00e8mes (sens, motricit\u00e9, livres, arts plastiques, jardinage&#8230;)<\/li>\n<\/ul>\n\n\n\n<p><\/p>\n\n\n\n<p class=\"has-medium-font-size\"><br><strong>Th\u00e8mes possibles \u00e0 ajuster \u00e0 vos besoins :<\/strong><\/p>\n\n\n<div class=\"wp-block-image\">\n<figure class=\"alignleft size-thumbnail is-resized\"><img decoding=\"async\" width=\"150\" height=\"150\" src=\"https:\/\/creche-conseil.pro\/wp-content\/uploads\/2024\/04\/Design-sans-titre-7-150x150.png\" alt=\"\" class=\"wp-image-134\" style=\"width:192px;height:auto\" srcset=\"https:\/\/creche-conseil.pro\/wp-content\/uploads\/2024\/04\/Design-sans-titre-7-150x150.png 150w, https:\/\/creche-conseil.pro\/wp-content\/uploads\/2024\/04\/Design-sans-titre-7-300x300.png 300w, https:\/\/creche-conseil.pro\/wp-content\/uploads\/2024\/04\/Design-sans-titre-7.png 500w\" sizes=\"(max-width: 150px) 100vw, 150px\" \/><\/figure>\n<\/div>\n\n\n<p>L\u2019accueil \u2013 Les \u00e9motions \u2013 La communication bienveillante \u2013<br>Le portage physique et psychique \u2013 Accompagner la motricit\u00e9 du nourrisson jusqu&rsquo;\u00e0 la marche \u2013 Les places et les missions dans une \u00e9quipe \u2013 La responsabilit\u00e9 \u2013 La bientraitance \u2013 Les relations professionnelles \u2013 Accueillir en \u00e2ges m\u00e9lang\u00e9s \u2013 Accueillir et accompagner les parentalit\u00e9s \u2013 le livre et les histoires \u2013 chanter avec les tout-petits \u2013 les activit\u00e9s artistiques \u2013 la nature\u2026<\/p>\n\n\n\n<p><\/p>\n\n\n\n<p class=\"has-medium-font-size\"><br><strong>Mes outils :<\/strong><\/p>\n\n\n<div class=\"wp-block-image\">\n<figure class=\"alignleft size-thumbnail is-resized\"><img loading=\"lazy\" decoding=\"async\" width=\"150\" height=\"150\" src=\"https:\/\/creche-conseil.pro\/wp-content\/uploads\/2024\/04\/Design-sans-titre-8-150x150.png\" alt=\"\" class=\"wp-image-135\" style=\"width:192px\" srcset=\"https:\/\/creche-conseil.pro\/wp-content\/uploads\/2024\/04\/Design-sans-titre-8-150x150.png 150w, https:\/\/creche-conseil.pro\/wp-content\/uploads\/2024\/04\/Design-sans-titre-8-300x300.png 300w, https:\/\/creche-conseil.pro\/wp-content\/uploads\/2024\/04\/Design-sans-titre-8.png 500w\" sizes=\"(max-width: 150px) 100vw, 150px\" \/><\/figure>\n<\/div>\n\n\n<p><br>Retours d&rsquo;observation, Echanges actifs, <br>Photolangage, <br>Articles, vid\u00e9os, supports de pr\u00e9sentation<br>Symbolisations,<br>Mises en situation, jeux de r\u00f4le&#8230;<\/p>\n\n\n\n<p><\/p>\n\n\n\n<p><\/p>\n\n\n\n<p><\/p>\n\n\n\n<p><strong>=&gt;<\/strong>&nbsp;Pour toute question, demande d\u2019informations, de devis n\u2019h\u00e9sitez pas \u00e0 <a href=\"https:\/\/creche-conseil.pro\/index.php\/contact\/\" target=\"_blank\" rel=\"noreferrer noopener\">me contacter<\/a>.<\/p>\n","protected":false},"excerpt":{"rendered":"<p>J&rsquo;interviens sur Paris et en Ile-de-France Pour les micro-cr\u00e8ches : Forfait 10 heures annuelles obligatoires d&rsquo;Accompagnement du r\u00e9f\u00e9rent technique EJE lib\u00e9rale&nbsp;(en l&rsquo;absence d&rsquo;un DE en direction : Art. R. 2324-46-5.-I) Pour toutes les structures : Th\u00e8mes possibles \u00e0 ajuster \u00e0 &hellip; <a href=\"https:\/\/creche-conseil.pro\/index.php\/nos-prestations\/\">Continuer la lecture <span class=\"meta-nav\">&rarr;<\/span><\/a><\/p>\n","protected":false},"author":1,"featured_media":0,"parent":0,"menu_order":3,"comment_status":"closed","ping_status":"closed","template":"","meta":{"footnotes":""},"class_list":["post-22","page","type-page","status-publish","hentry"],"_links":{"self":[{"href":"https:\/\/creche-conseil.pro\/index.php\/wp-json\/wp\/v2\/pages\/22","targetHints":{"allow":["GET"]}}],"collection":[{"href":"https:\/\/creche-conseil.pro\/index.php\/wp-json\/wp\/v2\/pages"}],"about":[{"href":"https:\/\/creche-conseil.pro\/index.php\/wp-json\/wp\/v2\/types\/page"}],"author":[{"embeddable":true,"href":"https:\/\/creche-conseil.pro\/index.php\/wp-json\/wp\/v2\/users\/1"}],"replies":[{"embeddable":true,"href":"https:\/\/creche-conseil.pro\/index.php\/wp-json\/wp\/v2\/comments?post=22"}],"version-history":[{"count":29,"href":"https:\/\/creche-conseil.pro\/index.php\/wp-json\/wp\/v2\/pages\/22\/revisions"}],"predecessor-version":[{"id":178,"href":"https:\/\/creche-conseil.pro\/index.php\/wp-json\/wp\/v2\/pages\/22\/revisions\/178"}],"wp:attachment":[{"href":"https:\/\/creche-conseil.pro\/index.php\/wp-json\/wp\/v2\/media?parent=22"}],"curies":[{"name":"wp","href":"https:\/\/api.w.org\/{rel}","templated":true}]}}