{"id":30,"date":"2024-02-01T12:13:58","date_gmt":"2024-02-01T11:13:58","guid":{"rendered":"https:\/\/creche-conseil.pro\/?page_id=30"},"modified":"2024-09-28T15:28:32","modified_gmt":"2024-09-28T13:28:32","slug":"mon-parcours","status":"publish","type":"page","link":"https:\/\/creche-conseil.pro\/index.php\/mon-parcours\/","title":{"rendered":"Qui suis-je ?"},"content":{"rendered":"<div class=\"wp-block-image\">\n<figure class=\"alignright size-thumbnail is-resized\"><img decoding=\"async\" width=\"150\" height=\"150\" src=\"https:\/\/creche-conseil.pro\/wp-content\/uploads\/2024\/04\/21_legacy_trainings_e1f622036f89defdf1b62915c388e089f758ebeac12017fda98654dcc467fe17-edited-150x150.jpg\" alt=\"\" class=\"wp-image-123\" style=\"aspect-ratio:0.75;object-fit:cover;width:119px;height:auto\" srcset=\"https:\/\/creche-conseil.pro\/wp-content\/uploads\/2024\/04\/21_legacy_trainings_e1f622036f89defdf1b62915c388e089f758ebeac12017fda98654dcc467fe17-edited-150x150.jpg 150w, https:\/\/creche-conseil.pro\/wp-content\/uploads\/2024\/04\/21_legacy_trainings_e1f622036f89defdf1b62915c388e089f758ebeac12017fda98654dcc467fe17-edited.jpg 160w\" sizes=\"(max-width: 150px) 100vw, 150px\" \/><\/figure>\n<\/div>\n\n\n<p><strong>Leslie FERRER<\/strong><br>Formatrice &#8211; Consultante petite enfance<\/p>\n\n\n\n<p><\/p>\n\n\n\n<p>Educatrice de jeunes enfants pendant 13 ans dans diff\u00e9rentes structures et aujourd&rsquo;hui consultante ind\u00e9pendante, j&rsquo;ai une connaissance approfondie de l&rsquo;accueil en collectivit\u00e9, des \u00e2ges m\u00e9lang\u00e9s, de la communication sous toutes ses formes, de l&rsquo;accompagnement des pratiques professionnelles et du management.<br><br>Form\u00e9e en Hapto-pu\u00e9riculture, j&rsquo;apporte une expertise sur l&rsquo;accompagnement global de l&rsquo;enfant, notamment autour des soins et de la motricit\u00e9. Je propose une approche bas\u00e9e sur une relation de qualit\u00e9 ainsi que sur la reconnaissance et la participation enti\u00e8re de l&rsquo;enfant, quelque soit son \u00e2ge.<\/p>\n\n\n\n<p>Formatrice et jury d&rsquo;examen depuis plus de 10 ans pour les dipl\u00f4mes de la petite enfance, j&rsquo;ai a c\u0153ur de transmettre les qualit\u00e9s et attentions essentielles pour accueillir les enfants et leurs familles.<br><br><a href=\"http:\/\/sos-parents.fr\">Consultante en parentalit\u00e9<\/a>, je place l&rsquo;accueil et l&rsquo;accompagnement des parents au c\u0153ur de mon travail. <br><\/p>\n","protected":false},"excerpt":{"rendered":"<p>Leslie FERRERFormatrice &#8211; Consultante petite enfance Educatrice de jeunes enfants pendant 13 ans dans diff\u00e9rentes structures et aujourd&rsquo;hui consultante ind\u00e9pendante, j&rsquo;ai une connaissance approfondie de l&rsquo;accueil en collectivit\u00e9, des \u00e2ges m\u00e9lang\u00e9s, de la communication sous toutes ses formes, de l&rsquo;accompagnement &hellip; <a href=\"https:\/\/creche-conseil.pro\/index.php\/mon-parcours\/\">Continuer la lecture <span class=\"meta-nav\">&rarr;<\/span><\/a><\/p>\n","protected":false},"author":1,"featured_media":0,"parent":0,"menu_order":1,"comment_status":"closed","ping_status":"closed","template":"","meta":{"footnotes":""},"class_list":["post-30","page","type-page","status-publish","hentry"],"_links":{"self":[{"href":"https:\/\/creche-conseil.pro\/index.php\/wp-json\/wp\/v2\/pages\/30","targetHints":{"allow":["GET"]}}],"collection":[{"href":"https:\/\/creche-conseil.pro\/index.php\/wp-json\/wp\/v2\/pages"}],"about":[{"href":"https:\/\/creche-conseil.pro\/index.php\/wp-json\/wp\/v2\/types\/page"}],"author":[{"embeddable":true,"href":"https:\/\/creche-conseil.pro\/index.php\/wp-json\/wp\/v2\/users\/1"}],"replies":[{"embeddable":true,"href":"https:\/\/creche-conseil.pro\/index.php\/wp-json\/wp\/v2\/comments?post=30"}],"version-history":[{"count":17,"href":"https:\/\/creche-conseil.pro\/index.php\/wp-json\/wp\/v2\/pages\/30\/revisions"}],"predecessor-version":[{"id":240,"href":"https:\/\/creche-conseil.pro\/index.php\/wp-json\/wp\/v2\/pages\/30\/revisions\/240"}],"wp:attachment":[{"href":"https:\/\/creche-conseil.pro\/index.php\/wp-json\/wp\/v2\/media?parent=30"}],"curies":[{"name":"wp","href":"https:\/\/api.w.org\/{rel}","templated":true}]}}